 and j.
2
Let s be 32/(-2)*(5 + -1 - (-184)/(-32)). Suppose c + w = -c + 41, 4*c + 4*w - 80 = 0. Suppose -21 = -3*g + c. Calculate the greatest common factor of s and g.
14
Let k = 5636 - 5623. Calculate the greatest common factor of k and 65.
13
Suppose 61 = -4*x + 49, 3*y = 2*x + 36. What is the greatest common divisor of 33360 and y?
10
Let h(a) = 13*a**2 - 2*a + 4. Let p be h(6). Suppose p = 3*t + t. What is the highest common factor of 5 and t?
5
Suppose 5*x - 6*x = -180. Let c be ((-870)/75 - -10)/((-3)/150). What is the greatest common factor of c and x?
20
Let z be 6/2*176/12. Suppose -4*a + z = -0*a. Let m(h) = 82*h**2 + 6*h + 1. Let i be m(-1). Calculate the greatest common divisor of i and a.
11
Suppose 12 = -9*l + 6*l, -3*i = l - 6785. Calculate the highest common divisor of i and 511.
73
Let a(b) = 3*b**3 + 31*b**2 - 7*b - 27. Let w be 10/((-1)/((-4)/(-4))). Let x be a(w). Suppose 0*z + 4*z = 52. What is the highest common divisor of x and z?
13
Suppose -2*n = -a + 81, 2*a - 378*n + 376*n - 166 = 0. What is the greatest common factor of 1445 and a?
85
Let f = -7933 + 10685. Calculate the greatest common factor of f and 86.
86
Let g(b) = -79*b + 1775. Let m be g(-73). What is the greatest common divisor of 18 and m?
18
Suppose 18 = 4*g + 6. Suppose -3*z - 4*c + 9 = -15, g*z = 5*c + 24. Suppose 8*m - z - 24 = 0. What is the greatest common factor of 20 and m?
4
Let w be (-16988)/(-685) - ((-1)/5 - -1). Calculate the highest common divisor of w and 1620.
12
Suppose 58*c = -61*c + 142*c - 1656. What is the greatest common divisor of c and 56?
8
Suppose 1992 = 58*h - 2175 + 687. Calculate the greatest common divisor of 9132 and h.
12
Suppose -25 = 33*a - 67*a + 33*a. Suppose -z + 14 = 5*y + 2*z, 8 = 5*y + z. Calculate the greatest common divisor of a and y.
1
Let o(i) = i**2 - 5*i + 9. Let p be o(6). Suppose -1 = 2*z + 5*c - 19, 0 = 5*z + 4*c - 62. Let f = p - z. Calculate the highest common divisor of f and 7.
1
Suppose 316819 - 201889 = 33*t - 367134. Calculate the highest common factor of t and 176.
176
Suppose -488*v - 397 - 548 = -503*v. Let g = 5 - 2. Calculate the highest common factor of g and v.
3
Suppose -v - 9 = -5*r + 21, -4*r + 46 = -3*v. Let k be 3 - 374/v - 4/10. Let s be -30*(0 + 24/(-18)). Calculate the greatest common factor of s and k.
40
Let t(s) be the first derivative of 2*s**3/3 + 9*s**2/2 + 10*s - 77. Let a be t(-4). What is the highest common divisor of a and 42?
6
Suppose 3*q + 1 = -3*b + 22, b + 28 = 4*q. Suppose -2140 = -8*o + 308. Suppose o - 313 = -s. Calculate the greatest common divisor of q and s.
7
Suppose y + 68*o - 71*o + 11 = 0, o + 1 = 5*y. What is the highest common divisor of y and 613?
1
Suppose -2*j + 3*j - 46 = 21. What is the greatest common divisor of j and 8576?
67
Let w = -1 + 0. Let b(v) = 2*v - 18. Let r be b(7). Let m be (33 + w)/(r/(-22)). What is the highest common divisor of m and 22?
22
Let h = -29 - -49. Let d be ((-10)/h)/(3/(-24)). Suppose 4*x = 5*c, 3*x - 33 = -d*c - 2. What is the greatest common divisor of c and 36?
4
Let u(y) = 171*y**2. Let v be u(-1). Suppose -6 = f - v. Suppose -b = -2*r + 111, -51 = 2*r + 2*b - f. Calculate the highest common divisor of 8 and r.
8
Let r(n) = 1361*n + 2283. Let h be r(5). What is the greatest common factor of 71 and h?
71
Let q be (-7 - -16) + -29 + -122. Let c(h) = 2*h**3 - 3*h**2 - 5*h. Let y be c(5). Let x = q + y. Calculate the greatest common factor of 16 and x.
8
Let n = 116 + -95. Let g = 362 - 152. What is the highest common factor of n and g?
21
Let u(p) = 119*p - 1210. Let a be u(36). What is the greatest common divisor of a and 318?
106
Suppose 5*u - 27*z + 26*z - 1059 = 0, -z + 213 = u. Calculate the greatest common factor of 1484 and u.
212
Let o = -11 - -11. Suppose o*v = 3*v - 621. Calculate the highest common factor of v and 23.
23
Let l = 64 - 104. Let s be 6128/l + (-4)/(-20). Let d = -135 - s. What is the greatest common divisor of 6 and d?
6
Let m(z) be the third derivative of 0 + 5/24*z**4 - 5/3*z**3 + 0*z - 6*z**2. Let f be m(5). What is the highest common divisor of 15 and f?
15
Let x = -61 - -59. Let i be 38*1 - (-4)/(x - 0). Let n be (-40)/i*3*-45. What is the highest common divisor of n and 60?
30
Suppose 16 = 2*i + 8. Suppose i*l = 12, 4*x + 3*l = 7*l - 4. Suppose -3 = u + x, o - 117 = -3*u. Calculate the greatest common factor of 12 and o.
12
Let d(a) = 4*a - 1. Let q be d(2). Let o = -154 - -154. Suppose 4*y = -n + 107, o = 2*n + 5*y - 148 - 54. What is the greatest common divisor of q and n?
7
Let i be ((-30)/(-5) + 265)/(-1). Let k = 371 + i. What is the highest common divisor of k and 75?
25
Suppose 0 = 5*p + o - 2133, -2*p + 810 = -6*o + o. Let q = 171 + -121. Calculate the greatest common factor of p and q.
25
Let s(j) = 2*j**2 + 5*j + 3. Let y be s(-4). Let x = -56 + 61. Suppose x*p + 20 = 545. Calculate the greatest common factor of p and y.
15
Let r be 11*(-2)/(-3)*87/58. Suppose 0 = r*l - 6074 - 3144. Suppose -4*c - z - 37 = -l, -204 = -c - 4*z. What is the greatest common divisor of 25 and c?
25
Suppose -11*s + 9*s - 4*o = -32, 4*o + 24 = 5*s. Let g(f) = f**2 + 3. Let v be g(0). Let p be 1*28*(v - 1). What is the highest common divisor of p and s?
8
Let h = 23 - 9. Suppose -8*x + 17*x - 36 = 0. Suppose x*c = -4*u + 167 + 245, 25 = 5*u. What is the highest common factor of h and c?
14
Let w = 716 + -714. Suppose -11*s + 8*s = -5*n - 4483, w*n = 3*s - 4486. What is the highest common factor of s and 88?
88
Let i be (-9)/12 - 14003/88*2. Let m = -282 - i. Suppose 0 = -o + 3*q + 49, -q + 3*q = -o + 29. Calculate the greatest common divisor of o and m.
37
Let s(o) = -o**3 + 9*o**2 + 900*o - 82. Let q be s(-26). What is the highest common factor of 6675 and q?
89
Let n(y) = y**3 - 6*y**2 - 67*y + 409. Let c be n(6). What is the greatest common divisor of c and 4487?
7
Suppose -2*n + 5*p - 6 + 11 = 0, -2*n + 11 = -3*p. Let q be n*1/((-7)/(-56)). What is the greatest common factor of q and 10?
10
Let k be (6 + -8)/(2/(-6) + (-741)/(-2277)). Suppose 810 = 5*a + l, l = 5*a - 3*l - 785. What is the greatest common divisor of a and k?
23
Let b(c) = -c**3 + 12*c**2 - 13*c - 1. Let q be b(10). Suppose 60*l + 459 = q*l. What is the highest common divisor of 68 and l?
17
Let c = 9 - 6. Suppose -3*d - 416 = -5*w - 366, w - 28 = -3*d. Calculate the greatest common divisor of c and w.
1
Let c be (30/4)/(-7*(-4)/224). Suppose -h = -162 - c. Suppose 0 = 5*m + 122 - h. Calculate the highest common factor of 10 and m.
10
Suppose 11*h - 274 = 3686. Let c be (21/(-6))/((-20)/h). What is the greatest common factor of c and 7?
7
Let u(c) = c**2 - 13*c + 38. Let o be u(7). Let a be (226/o)/(24/(-48)) - 3. Calculate the greatest common factor of 22 and a.
22
Suppose 2*a + 63 = r - 13, -r - a = -76. Calculate the greatest common divisor of r and 2318.
38
Let t = -80 - -87. Let g = 62 + t. Calculate the highest common divisor of g and 552.
69
Let p be 8/(-14) + 2784/112 + 298/(-1043). Let f(o) = 23*o**2 - 5*o. Let z be f(4). What is the highest common factor of z and p?
12
Let u be (42 - 3852/117) + -1*1/13. Let r(l) = -l**2 + 9*l - 2. Let y be r(7). What is the highest common divisor of u and y?
3
Let k(t) = t**2 + 19*t + 22. Let i be k(-18). Let y be i + -1 - -22*(-1)/(-2). Suppose 390 = y*z + z. Calculate the greatest common factor of 130 and z.
26
Let u(q) = 4*q**2 + 105*q + 2666. Let t be u(-39). Calculate the greatest common divisor of t and 133.
133
Let s(k) = -4*k**3 - 24*k**2 + 19*k + 223. Let y be s(-7). What is the greatest common divisor of y and 26?
26
Suppose -20592 = -82*v - 126*v. What is the greatest common divisor of v and 39303?
99
Let f be -6 - (1 - (-54)/4)/(88/(-176)). What is the highest common divisor of f and 3151?
23
Suppose 3*c - 3 - 3 = 0. Suppose -f = -3*o - 10, c*o = 4*f - f - 9. Let z = -33059 - -33066. Calculate the highest common factor of f and z.
1
Suppose 2*f = 5 - 1, -3*f = -3*p - 204. Let h = 150 + p. Calculate the highest common divisor of 24 and h.
12
Suppose -21 - 35 = -8*h. Suppose 5*d = 173 + h. Calculate the greatest common factor of 9 and d.
9
Suppose -15*s + 20 = -11*s. Suppose 4*y + s*y - 18 = 0. Suppose -5*u - 3*f + 23 = 6, y = -2*f. Calculate the greatest common divisor of u and